4. Let m be h(-6). Suppose 3*q = -1 + m. Let k = q - -103. What is the tens digit of k?
0
Suppose -553 - 638 = -z. Suppose 20*w - 3689 = z. What is the hundreds digit of w?
2
Suppose 55*k - 60*k = -4*i + 79697, 4*k = -4*i + 79616. What is the units digit of i?
3
Let o(r) = -2 + 0*r**2 - 2*r**2 - 20*r**3 - 4*r - r**2. Suppose -3*z - 2*m = m, -3*z + 3*m = 6. What is the tens digit of o(z)?
1
Let o be 124/(-6)*(-117)/(-26). Let w be 1/(166/82 - 2). Let t = w - o. What is the tens digit of t?
3
Let g(n) be the third derivative of n**5/15 - n**4/8 - n**3/6 - 3*n**2. Let p be g(-2). What is the units digit of (3/2)/((p/(-44))/(-7))?
2
Let p(j) = -23901*j**3 + 4*j**2 + 4*j + 5. What is the thousands digit of p(-1)?
3
Let z(q) = -q**2 - 2*q + 22. Let x be z(0). Suppose -2*j = -7*j - 4*o + 255, x = j - 5*o. Suppose 5*r = j + 1248. What is the units digit of r?
9
Let o be 1 + 3 + -2 + 0/2. Suppose o*p = -3*v + 17, 4*v = -0*p + p + 41. Suppose 3*g - v = 0, 129 = l - g + 4*g. What is the units digit of l?
0
Suppose -n + 4*q + 9 = 0, 5*n - 38 + 9 = 4*q. Let l be 2/5*n/1. What is the units digit of l + (5 - 1 - -73)?
9
Suppose 830*u - 845*u + 194730 = 0. What is the units digit of u?
2
Suppose -22*i = -25*i + 192. Suppose -i*w - 170 = -65*w. What is the units digit of w?
0
Suppose 40 = 5*l + s, -3*l + 3*s - 5 = -11. What is the hundreds digit of (-12264)/(-294)*l/2?
1
Suppose -8*i - 60 - 92 = 0. Let k(l) be the third derivative of l**5/60 + 7*l**4/12 + 2*l**3 + 2*l**2. What is the units digit of k(i)?
7
Let w(q) = 4*q**2 + 13*q - 9. Let i(n) = n**2 - n + 1. Let o(b) = 3*i(b) - w(b). Let k be o(-11). Let c = 84 - k. What is the tens digit of c?
1
Let v be 27/45*15 - 12. What is the hundreds digit of (-4 - (-246)/v)*-8?
6
Suppose -117*m + 108*m - 54 = 0. What is the thousands digit of 1103 + (10 - (5 - 6 - m))?
1
Suppose -119777 = -15*m + 199363. What is the units digit of m?
6
Let u(w) = w**2 + 4*w - 12. Let q be u(9). Let y = 109 - q. Suppose -5*g + 383 = y*n, 2*n + g + 2*g = 191. What is the tens digit of n?
9
Let n = 1722 + 4223. What is the units digit of n?
5
Let a(c) = 8*c**3 + 31*c**2 - 17*c - 62. What is the ten thousands digit of a(10)?
1
Let f = -12 - -41. Let r(m) = -3*m**3 - 4*m**2 - 9*m - 8. Let s be r(-2). Let w = f + s. What is the tens digit of w?
4
Let d be ((-522)/2)/((-32)/(-4) + -9). Let x = d - 167. What is the tens digit of x?
9
Suppose 3*m = 5*d + 2006, 0*d + 4*m + 1992 = -5*d. What is the hundreds digit of -42*(d/6)/8?
3
Suppose 0 = 9*p - 73 + 19. Suppose -p*d - 555 = -9*d. Let i = -93 + d. What is the units digit of i?
2
Let d(n) = -9*n**2 + 7*n**3 - 8*n**3 + 5*n**2 + 16*n - 15 - 10*n**2. Let y be -2*(4/14 + (-378)/(-49)). What is the tens digit of d(y)?
4
Let z(h) = -h**2 - 17*h + 52. Let x be z(-19). Let w(d) = -10*d - 7. Let i be w(x). Let s = 275 + i. What is the hundreds digit of s?
1
Let t(n) = 1816*n**2 - 636*n - 41. What is the tens digit of t(-5)?
3
What is the thousands digit of -13 - -1387 - (4/14 + 144/84)?
1
Let h = 117930 - 71334. What is the tens digit of h?
9
Let o(q) = 812*q**2 + 242*q - 16. What is the units digit of o(-9)?
8
Suppose 0 = 4*a - 3*a - 5. Suppose 2*u + a*u = 2303. Suppose -u = -8*d + d. What is the units digit of d?
7
Let i = -2640 + 3383. What is the hundreds digit of i?
7
Let x be -3 + 2 + -3 - 79. Let d = x + 37. Let b = d + 87. What is the tens digit of b?
4
Suppose -5*n + 4 = -4*v, 0 = -3*v - 2*n - 0 - 3. Let k be 24/(-16)*2/v. Suppose -4*s - k*a - 88 + 718 = 0, 0 = 4*s - 4*a - 644. What is the units digit of s?
9
Suppose -12*p + 1 + 23 = 0. Suppose 2*n = n - p*n. Suppose -2*k + 28 + 12 = n. What is the tens digit of k?
2
Let r(d) = -d**3 + 10*d**2 + 6. Let b(t) = -t**2 + 13*t + 11. Let w be b(14). Let s = w + 11. What is the units digit of r(s)?
4
Let u be ((-57)/(-18) + -3)*0. Let y = -83 - -125. Suppose -10*z + 512 - y = u. What is the tens digit of z?
4
Suppose -4*n + 4*b - 248 = -8*n, 3*n = 2*b + 181. Let g(p) = -2*p**2 - 90*p - 433. Let m be g(-38). Let x = m - n. What is the tens digit of x?
3
Suppose 5*w - 58 = 3*u + 5, u + 37 = 3*w. What is the units digit of 1/4 + 4713/w?
3
Let x(f) = 1974*f - 1110. What is the thousands digit of x(7)?
2
Let f(n) = -16*n**2 - 26*n - 144. Let m(k) = -9*k**2 - 13*k - 72. Let c(q) = -3*f(q) + 5*m(q). What is the units digit of c(-16)?
2
Suppose 3*r - 33900 = -3*s + 42189, 0 = -3*s - 4*r + 76083. What is the hundreds digit of s?
3
Let q = 20990 + -10920. What is the hundreds digit of q?
0
Let c(n) = 4 - 4 + 10 + 2*n. Let a be c(-5). Suppose a = -8*m + 111 - 15. What is the tens digit of m?
1
Let z be 201/39 + 1/((-39)/6). Suppose 2*n = -3*n - z, 2*l - 3*n - 3395 = 0. What is the units digit of l?
6
Suppose 3*m + 12 = 3*g, g - 5 = 2*m - 3. Suppose 2*v = 4 - g. Let z(r) = -22*r**3 - r - 2. What is the tens digit of z(v)?
2
Let b(r) = r**2 - 24*r + 106. Let j be b(20). Suppose 3*n + 9246 = j*n. What is the hundreds digit of n?
4
Suppose -y - 70 = -2*i, -2*y + i + 4*i - 144 = 0. Suppose -313 = 7*x + 2. Let q = x - y. What is the units digit of q?
7
Let p(q) = -900*q + 2. Let n be -1*(-6)/(-24)*4. Let h be p(n). Suppose 0 = 13*z - h - 1854. What is the tens digit of z?
1
Suppose x + 5961 = l - 11183, -4*x - 16 = 0. What is the hundreds digit of l?
1
Suppose 29*x + 422974 = 90*x. What is the tens digit of x?
3
Suppose 145*b = 39*b + 786838. What is the tens digit of b?
2
Let z be ((-3)/(-1) - 8)/(4/(-4)). Suppose -z*b = 2*b + b. What is the tens digit of 243 + b + (4 + 0)/(-1)?
3
Let f(g) = -g**3 + 12*g**2 - 11*g - 26. Let p be f(11). What is the thousands digit of -8 + 1326/169 + (-28136)/p?
1
Let r be (-6)/(-27) + (-6124)/18. Let k = r + 718. What is the hundreds digit of k?
3
Let d be ((-9)/(-2))/((-22)/660) + 4. Let q = d + 312. What is the tens digit of q?
8
What is the thousands digit of 934/4*(23 - (-210)/14)?
8
Suppose -i = 2*d - 578, i + 2*d + 2878 = 6*i. What is the tens digit of 0 + -5 - (-7 - (i - -3))?
8
Let w = 43982 - 21583. What is the hundreds digit of w?
3
Let r(v) = -323*v**3 + v**2 - 1. Let s be r(-1). Suppose 4*u = -31 + s. Let d = u - -19. What is the units digit of d?
2
Suppose 7*t - 39*t + 128 = 0. Suppose -2*f + 333 = -3*c - 2*c, f - t*c = 174. What is the tens digit of f?
5
Let i(q) = -13*q - 28. Let b(z) be the second derivative of -26*z**3/3 - 111*z**2/2 - 25*z. Let v(s) = 2*b(s) - 9*i(s). What is the units digit of v(5)?
5
Let d = 10787 - 4841. What is the units digit of d?
6
Suppose 0 = 2*q + 1 + 3, -d + 3*q + 6 = 0. Suppose -642 = -g + c - 69, 4*g - c - 2298 = d. What is the hundreds digit of g?
5
Suppose -v = 118*k - 113*k - 17227, 3*v - 13786 = -4*k. What is the units digit of k?
5
Let j(x) = -3*x + 1. Let z be j(-2). Let k(u) be the first derivative of -u**4/4 + 5*u**3/3 + 9*u**2 - 17*u - 64. What is the units digit of k(z)?
1
Let o be (-8)/(-28) + (-1482)/(-7). Suppose -16*y = -12*y - o. Suppose -3*j + 159 = 3*r + 2*j, -4*j = r - y. What is the tens digit of r?
5
Let j(t) = t**3 + 7*t**2 + 4*t + 23. Let g(w) = w - 12. Let c = 11 - 5. Let u be g(c). What is the tens digit of j(u)?
3
Let k(w) = 20*w**2 + 59*w - 1829. What is the units digit of k(23)?
8
What is the ten thousands digit of (-344370)/(-22) + (-44)/242?
1
Suppose 172*t - 191*t + 15447 = 0. Suppose -4*f - 109 = -t. What is the hundreds digit of f?
1
Let v(q) = -57*q**3 - 2*q**2 + 25*q - 49. Let o be v(2). Let w = o + 517. What is the units digit of w?
4
Let w(o) = -8*o**2 - 17*o + 14. Let r be w(10). Let p = 1514 + r. What is the tens digit of p?
5
Suppose 2 = q, 9*q + 2 = -w + 12*q. Suppose -i + 312 = -4*p, 3*i - w*p = -93 + 997. What is the tens digit of i?
9
Let m(s) = -s**3 - 13*s**2 - 15*s + 2. Let g be m(-12). Suppose g*n - 21069 = 3023. What is the units digit of n?
4
Let v(l) = 2*l**2 + 6*l + 11. Let y(w) = -w**3 + 4*w**2 - 4*w. Let i be y(3). Let u be v(i). Let j(s) = 16*s - 17. What is the tens digit of j(u)?
5
What is the units digit of (-154622)/(-39) - (-8)/6?
6
Let m be (-1)/(6 - (-78)/(-12)). Suppose -10*u = -8*u - m, 5*u - 1946 = -3*p. What is the hundreds digit of p?
6
Let r(y) = 7 - 116*y - 17 + 0 - 15. What is the hundreds digit of r(-7)?
7
Let m = -10222 + 24983. What is the ten thousands digit of m?
1
Let x = -43154 - -79132. What is the thousan